*h - 5*b + 419 = 0, 4*b - 39 = f*h - 1004. List the prime factors of h.
197
Let q(m) = m**2 + 20*m - 16. Let o be q(-21). Suppose -5*l + 5*z = -o, z + 12 = -3*l - z. List the prime factors of (43/l + (-8)/(-16))/(-1).
3, 7
Let m(r) = 16 - 21*r - 15*r + 62*r - 24*r. List the prime factors of m(1).
2, 3
Suppose 3*d - 25*v = -21*v - 65, -35 = 3*d + 2*v. List the prime factors of (0 - d/5)*3535/15.
7, 101
Suppose -1308247 = -54*d + 528077. List the prime factors of d.
2, 7, 347
Let o(w) = 2*w**3 + 6*w**2 + 25*w - 40. Let p be o(9). Suppose -5*x - p = -4*h, 0 = -h - 7*x + 10*x + 534. What are the prime factors of h?
3, 59
Suppose 8928 = 50*p - 59*p. Let o = -570 - p. What are the prime factors of o?
2, 211
Let g be (-1 + 5)*(-27)/(-36). List the prime factors of 25/10 + g/(-6).
2
Let j be 2 - ((-21)/14)/((-12)/64). Let f(i) = -75*i + 11. List the prime factors of f(j).
461
Let y = -23 - -49. Suppose 5*q + 10 = -5*l + 105, 4*l - 52 = 2*q. Let m = y - l. What are the prime factors of m?
11
Let x = 20456 - -184. List the prime factors of x.
2, 3, 5, 43
Let f(g) = 21 + g**3 + 2*g + 0*g**2 - 8*g - 6*g**2. Suppose 23 + 14 = 10*j - 43. What are the prime factors of f(j)?
101
Suppose -4*m - 925*d = -921*d - 61632, -3*m - 4*d + 46232 = 0. List the prime factors of m.
2, 5, 7, 11
What are the prime factors of 52356/15 + (-100)/250?
2, 5, 349
Suppose -128 = 2*h - 4*t, -55 + 375 = -5*h + 2*t. Let g = h - -4. Let j = g - -116. What are the prime factors of j?
2, 7
Let h(c) = -5*c - 56. Let w be h(-12). Suppose -5*u - w*t = -3107, u + t = 2*u - 616. List the prime factors of u.
619
Let d(t) = 2*t**3 + 4*t**2 + 28. Let c(z) = 4*z**3 + 7*z**2 - z + 56. Let a(u) = 6*c(u) - 11*d(u). List the prime factors of a(5).
2, 3, 11
Let a(l) = -6*l**3 - 5*l**2 + 5*l + 15. Let h be a(-4). What are the prime factors of (29 - h)*2/(-4)?
3, 5
Let q = -8402 + 19301. What are the prime factors of q?
3, 7, 173
Let a be 119/(-35) + 3 + (-24)/(-10). List the prime factors of ((-17)/(-34))/(a/788).
197
Suppose 4*i + 0*b - 26 = -b, -2*i - b = -12. Let u = -3809 + 3820. Suppose -528 = i*r - u*r. List the prime factors of r.
2, 3, 11
Let g(b) = 3*b**3 - 3*b**2 - 5*b + 7. Let a be g(3). Let n = -42 + a. Suppose n*z + 242 = 6*z. List the prime factors of z.
11
Let c = 33 + -28. Suppose -c*z + 993 - 278 = 0. Let x = 48 + z. What are the prime factors of x?
191
Let a be 87*(2/(-3) + 1). Let j be 14 - (2 + -205)/7. Let z = j + a. What are the prime factors of z?
2, 3
Let n(w) = w**2 + w + 13. Let u be n(13). What are the prime factors of u + -2 - 12/(-16)*4?
2, 7
Let p(c) be the third derivative of c**5/3 + 3*c**4/8 + 33*c**3/2 + c**2 - 71. List the prime factors of p(-8).
1307
Suppose 0 = 3*p - 3*o + 2433, 0*p - o = 3*p + 2433. Let q = p - -1400. What are the prime factors of q?
19, 31
Suppose -2*t = -7624 - 8288. What are the prime factors of t?
2, 3, 13, 17
Suppose -4*i + 2665 + 5825 = 2*i. What are the prime factors of i?
5, 283
Let z be 2/(-8) - ((-246)/24 + 8). Suppose 3*x - 3*j = z*j + 2591, -j + 1736 = 2*x. List the prime factors of x.
3, 17
Suppose 4*q = 7*q + g + 13, -2*q = 3*g - 3. Let p(n) = -n**3 - 4*n**2 - 16*n - 14. List the prime factors of p(q).
2, 7, 11
Let i(s) = 691*s + 82. Let z(y) = -461*y - 55. Let f(l) = 5*i(l) + 7*z(l). List the prime factors of f(4).
937
Let m(t) = 454*t + 5. Let v be (-8)/(-10)*5 + -3. What are the prime factors of m(v)?
3, 17
Let i = 107 - 124. Let h(u) = -13*u - 14. What are the prime factors of h(i)?
3, 23
Suppose 0 = -3*m + 21, -12*u + 10*u + 66917 = m. What are the prime factors of u?
5, 6691
Let f(z) = z**3 - 5*z**2 + 3*z. Let n be f(5). Let t be (5/n)/((-4)/(-36)). List the prime factors of 200 + (-1 - (-9)/t).
2, 101
What are the prime factors of (-12)/(-84) - (4 - 237365/35)?
2, 3389
Let g(l) be the first derivative of -2*l**4 - l**3/3 + 6*l**2 - 2*l - 80. What are the prime factors of g(-4)?
2, 223
Let z = 19582 - 8808. What are the prime factors of z?
2, 5387
Suppose -45*u + 1419696 = 492728 - 1557167. List the prime factors of u.
3, 18401
Suppose 3*s = p - 8, -p + 5*s + 2 + 10 = 0. Suppose 4*b - 4*g + 6 = 3*b, -b = p*g. Let i(h) = 38*h**2 - 7*h - 6. List the prime factors of i(b).
2, 5
Suppose 7*u - 4 = 9*u + 4*y, -u = -5*y + 23. Let z(p) = p**3 + 10*p**2 - 9*p - 28. List the prime factors of z(u).
2, 43
Suppose 5*c + 6*a - a - 70775 = 0, -4*c = 2*a - 56628. List the prime factors of c.
14159
Suppose p - u = 2 + 8, 4*p + 5*u - 4 = 0. List the prime factors of 800/p*1476/205.
2, 3, 5
Suppose 2*l + 0*k - 3*k = 22, -4*l + 5*k + 46 = 0. Suppose -12 = -l*v + 12*v. List the prime factors of v/4*(-6 + (-454)/(-3)).
2, 109
Let s(m) = m**3 + 35*m**2 + 26*m + 155. What are the prime factors of s(-12)?
5, 631
Suppose 3*v + 89 = -4*y + 637, 5*y + v - 696 = 0. Suppose 252 = -3*u + 4*z, 4*u + 62 = z - 287. Let l = u + y. List the prime factors of l.
2, 13
Let k(o) = -9*o - 60. Let l be k(-8). Suppose l*r - 4897 = 4511. List the prime factors of r.
2, 7
Let o = -57961 - -106992. What are the prime factors of o?
49031
Suppose 8*o = 3*o + 30. Suppose 3*n = o*n. Suppose n = -4*h + 5*y + 184, -4*h + 3*y = -125 - 59. What are the prime factors of h?
2, 23
Suppose -16*h - 44*h = -2062295 + 408395. List the prime factors of h.
5, 37, 149
Suppose 2*c + 4*v = 8, 2*c - 7*c - 5*v + 35 = 0. Suppose u + 0*u - 60 = -4*y, u = y - c. What are the prime factors of y/(-63) + (-2452)/(-18)?
2, 17
Let i(c) = 62*c + 25 + 77*c + 27*c. List the prime factors of i(3).
523
Let u(f) = 88*f**2 - f - 1. Let r(t) = -6*t**2 - 2*t - 1. Let o be r(-1). Let w be (-3)/5 + (-8)/o. List the prime factors of u(w).
2, 43
Suppose -3*b - 1338 = 5*m + 168, 5*b = 2*m - 2541. Let y = -142 - b. What are the prime factors of y?
5, 73
Let h = 48242 - 18954. List the prime factors of h.
2, 7, 523
Let p(q) = -2*q**2 - q + 1. Let y(i) = -5*i**2 + 32*i - 7. Let r(s) = p(s) - y(s). List the prime factors of r(13).
2, 43
Let s be (-1365)/(-245) - 6/(-14). Suppose s*f = -1 + 13. Suppose 4*a + f*a = 114. What are the prime factors of a?
19
Suppose 0 = 4*t - 3*t - 2*t. Suppose 23*p + 2*p - 28175 = t. List the prime factors of p.
7, 23
Suppose -168*v = -125*v - 49837. What are the prime factors of v?
19, 61
Let v(q) = 5140*q**2 - 4*q. Let j be v(-1). What are the prime factors of 81/(-108)*j/(-6)?
643
Let z(c) = 450*c + 717. List the prime factors of z(4).
3, 839
List the prime factors of (24/(-2) + 14 + 722/(-4))*-172.
2, 3, 7, 17, 43
Suppose 8*q - 3*q = p + 10, -3*p = -5*q. Let w(f) = 7*f**3 + 11*f - 2. Let y(k) = 2*k**3 + k + 1. Let s(j) = -w(j) + 4*y(j). List the prime factors of s(p).
2, 3
Suppose -i - 3*j = 32 + 15, 2*i - j = -115. Suppose -119 = k - 13. Let q = i - k. What are the prime factors of q?
2, 5
Let t(q) = -182*q - 6852. What are the prime factors of t(-103)?
2, 19, 313
Let f = 0 - -5. Suppose -4*n - 2*z = -14, 0 = -f*n + 4*z + 4 + 7. Suppose -5*r + n*r - 3*j = -94, 37 = r - j. What are the prime factors of r?
41
Suppose 4*t = 30*t + 37180. What are the prime factors of (2*-4)/(52/t)?
2, 5, 11
Suppose 5*m + 1023 - 264 = 4*a, -5*a + 927 = m. List the prime factors of -1 + a + 29 + -26.
2, 47
Let s be -3*(-5)/((-105)/(-14)). Suppose -3*m - 668 = t - s*t, 3*t = -4*m + 2056. List the prime factors of t.
2, 5, 17
Let h be (-8 + 3 + -5)*-1436. Suppose -85*o = -93*o + h. What are the prime factors of o?
5, 359
Let i be 5*(-6)/(-75) + 8/5. Suppose 0*u - i*f = -3*u - 4, -10 = 3*u - 5*f. Suppose l = 3 - 4, u = 3*c + 3*l - 210. List the prime factors of c.
71
Suppose 3*d = -10 - 50. Let f = -28 - d. Let r(n) = -n**2 - 15*n - 12. List the prime factors of r(f).
2, 11
Let a be (45/(-27))/(3/(-27)). Suppose -f + a = -4*f, 4*z = -3*f - 7. Suppose 2*v = -3*c + 197, 4*v - z*v - 3*c - 215 = 0. What are the prime factors of v?
103
Let o(z) be the third derivative of -z**4/3 - 59*z**3/6 + 56*z**2. List the prime factors of o(-15).
61
Suppose -p - 130 = 3*p - 2*b, -p - 27 = 5*b. What are the prime factors of 219*(19/6 - 16/p)?
11, 73
Let q be (-18)/(-8) - (-6)/8. Let k be (-132)/(-231)*(-3 - (-39)/6). Suppose q*g = -n + 200, g - k*g = -4*n - 84. What are the prime factors of g?
2, 17
Suppose -5*k - 5*o = -115735, -5*o - 4 + 9 = 0. List the prime factors of k.
2, 71, 163
Let n(c) = -5*c**3 + 15*c**2 - 13*c -